w - 63. Calculate the remainder when q(13) is divided by 41.
39
Let r(t) = 12*t + 620. What is the remainder when r(5) is divided by 38?
34
Calculate the remainder when 1408 is divided by 90 + ((-3)/6 - (-5)/(-10) - -5).
92
Let x = -123 - -1152. Calculate the remainder when x is divided by 483.
63
Let t(h) = 7*h**2 + 207*h - 43. What is the remainder when ((-8 - -2) + 1)*-37 is divided by t(-30)?
44
Suppose 18*z - 19*z - 1944 = -2*w, 3*w = -2*z + 2909. Calculate the remainder when w is divided by 121.
3
Suppose 4*b - 2*f = -6, -3*b + 6*f = f + 8. Suppose -4*j - 34 = -5*j - v, -60 = -2*j - 4*v. What is the remainder when j is divided by (b/((-5)/6))/(21/350)?
18
Let v = -5 - 1. Let t = v - -10. Calculate the remainder when 0*2/4 + 24 + -10 is divided by t.
2
Let c = 416 + -414. Suppose -r - 4*n + 30 = 0, c*n = 4*r - 17 - 49. What is the remainder when 136 is divided by r?
10
Let s = 5458 + -5358. Calculate the remainder when 445 is divided by s.
45
Let m(p) be the first derivative of -7*p**4/24 + 31*p**2/2 + 1. Let f(a) be the second derivative of m(a). What is the remainder when f(-4) is divided by 15?
13
Suppose -5*j + 530 = -5*x, 0 = -5*x + 2*j - 5*j - 530. Let u = x + 260. Calculate the remainder when u is divided by 31.
30
Let w = 2257 + -1474. What is the remainder when w is divided by 28?
27
Let t be (-13)/(-2) + (-10)/20. Suppose 65 = -t*o + 413. Let d(f) = -f**3 + f**2 - f + 15. Calculate the remainder when o is divided by d(0).
13
Suppose s - 2 - 2 = -3*b, -4*s = -3*b - 16. Suppose 4*m + b - 108 = 0. What is the remainder when m is divided by 26?
1
Let c(q) = 2*q + 2. Let h be c(-1). Suppose 11*y - 15*y - 8 = h. Calculate the remainder when 16 is divided by (14/(-2) - 0)*2/y.
2
Let q(g) = -129*g**2 - g + 440. What is the remainder when q(0) is divided by 154?
132
Suppose 5*r + 2*c - 145 = 7*c, 2*r = -5*c + 86. Suppose -7*q + 1951 + 751 = 0. Let d = -223 + q. What is the remainder when d is divided by r?
31
Suppose -3010 = -284*c + 277*c. What is the remainder when c is divided by 24?
22
Calculate the remainder when 1424 is divided by (-713)/(-2) + -2 + ((-1491)/(-42) - 35).
4
Let y(k) = k**2 + 15. Let o = 232 - -498. Suppose -5*r + 795 = -o. Calculate the remainder when r is divided by y(-6).
50
Let g(w) = -3*w**2 - w + 49. Let h be g(6). Suppose 0 = -6*v + 10*v + 104. What is the remainder when 11 is divided by v/h - 26/(-10)?
2
Suppose 4*y = 3*t - 45, -2*t = -0*t - 4*y - 30. Let k(o) = -o + 4. Let r = 17 - 21. Calculate the remainder when t is divided by k(r).
7
Suppose -14*n = -6*n - 40. Suppose -3*k - l + 180 + 149 = 0, 0 = -3*k + n*l + 353. What is the remainder when k is divided by 13?
7
Let j be (-171)/63 - 1/(7/2). Let c be -1 + 160/(1 - j). Let i = -31 + c. What is the remainder when 87 is divided by i?
7
Suppose 3 - 3 = -z - 6*p, -15 = 3*p. Calculate the remainder when 119 is divided by z.
29
Suppose -68 = -3*n + 7. Let c(x) = x**3 - x**2 - x - 1. Let m be c(0). What is the remainder when (3 + m)/((-5)/(-180)) is divided by n?
22
Suppose 0*v + 165 = -5*v. Let n be (-6)/v + ((-4)/22 - -1). What is the remainder when 23 is divided by 128/10 + ((-2)/(-10))/n?
10
Let r(g) = -14*g**2 + 150*g - 85. Calculate the remainder when 7512 is divided by r(10).
12
Let m(n) = -19*n - 284. What is the remainder when 111 is divided by m(-17)?
33
Let l(u) = -11*u + 4. Suppose 70*n + 48*n = -103*n + 3094. Calculate the remainder when l(-3) is divided by n.
9
Let i = 144 - 65. Let z be (-30)/(-35)*(12 - 5). Let f(c) = 7*c**2 - 34*c - 7. What is the remainder when i is divided by f(z)?
38
Suppose 237*n - 31844 = 116*n + 45*n. Calculate the remainder when n is divided by 20.
19
Suppose 22*s = 18*s + 1984. Let x = s + -481. Calculate the remainder when 18 is divided by x.
3
Suppose -124*d + 2716 = -3980. What is the remainder when 825 is divided by d?
15
Suppose h + 172 - 210 = 0. Suppose 32*o = h*o - 1392. What is the remainder when o is divided by 26?
24
Let r(n) = -62*n**3 + n**2 - n - 2. Let o be (12/9)/(1/(-6)). Let u = o - -24. Calculate the remainder when r(-1) is divided by u.
14
Let w(r) = 40*r**2 + 300*r + 930. Calculate the remainder when 3123 is divided by w(-3).
3
Let w = 116 - 39. Let s = -2492 - -2532. What is the remainder when w is divided by s?
37
Let p be 0/((5 + -4)/(-1)*-1). Suppose p = -12*q + 270 + 426. Calculate the remainder when q is divided by 31.
27
Suppose -8*r + 12*r - 5*g = 1015, -5*g = -r + 250. Calculate the remainder when r is divided by 72 + -1 + 16/(-4).
54
Suppose 0 = 4*k - 11 - 1. Let f be (-16)/(k/(-4) - (-11)/44). Let y = -8 + f. Calculate the remainder when 47 is divided by y.
23
Let g be ((-2)/(-6))/(6/90). Suppose 5*c + 70 = 5*z, g = z - c - 3*c. Let n = -48 - -96. Calculate the remainder when n is divided by z.
14
Let m be 4060/55 - 2/(-11). Let l = -68 - -148. Let z = l - m. What is the remainder when 64 is divided by z?
4
Let x = 338 + -818. Calculate the remainder when x/(-64)*32/3 is divided by 47.
33
Calculate the remainder when 358/(10/(-11 + 21)) is divided by 171.
16
Let w(x) = 46*x - 113. Calculate the remainder when 1249 is divided by w(3).
24
Let f(w) = -w**3 + 13*w**2 + 20*w + 5. Suppose 4*i - 286 + 94 = 0. Suppose i*h - 56 = 44*h. Calculate the remainder when f(h) is divided by 31.
27
Suppose -4*r = 5*o - 100, 0 = 3*r - 7*r - o + 116. Suppose -w = -3*a + 10, r = 3*a + 4*w - w. What is the remainder when 44 is divided by a?
4
Let v(m) = -m**3 + 47*m**2 - 45*m + 22. Let j = 48 + -29. Calculate the remainder when v(46) is divided by j.
11
Suppose 67*l = 75*l - 96. Suppose 0 = l*s - 5 - 115. Calculate the remainder when 157 is divided by s.
7
Let i = -1074 + 1545. What is the remainder when i is divided by 52?
3
Let g = -27 - -39. Suppose 4*s + 20 = g. Calculate the remainder when ((-244)/16)/((-1)/4) + s is divided by 21.
17
Suppose -5*u - 1920 = -45*u. Calculate the remainder when 417 is divided by u/(-14)*(-189)/54.
9
Calculate the remainder when 9433 is divided by (-1)/(-5) + 869/55 - (-5 + 7).
11
Let n = 4438 + -4323. Calculate the remainder when 240 is divided by n.
10
Let s be 1326/351 + 4/18. Suppose -s*d + d = -192. Calculate the remainder when d is divided by (55/20)/((-2)/(-16)).
20
Suppose 3*b - 91 = -u, 0 = -2*b - 29 + 23. What is the remainder when 2489 is divided by u?
89
Suppose -2*a + 4*a - 24 = 0. What is the remainder when (4 - 44/(-4)) + 4*(-3)/(-4) is divided by a?
6
Let o = 4622 - 92. What is the remainder when o is divided by 44?
42
Let m be (-10)/75 + 96/45 - -13. Suppose -2*l - m = -5*l. Suppose -90 = -3*r + 3*o, 0 = -l*o + 21 - 1. Calculate the remainder when 305 is divided by r.
33
Let r be 966/(-11) - 2/11. Let t be (1*-1 + 7/14)*r. Suppose s + i = t, -2*i - 27 = -s + 8. What is the remainder when s is divided by 22?
19
Let r(y) = 12*y + 73. Calculate the remainder when 51 is divided by r(-4).
1
Suppose 4068 = 8*h - 3604. Calculate the remainder when h is divided by 959.
0
Let f be -21*1*(-54 + 23). Let w = 666 - f. Let d(q) = -2*q**3 - 4*q**2 + q + 1. Calculate the remainder when d(-3) is divided by w.
1
Let x be (135/(-81))/(1/(-63)). What is the remainder when 46 is divided by ((-1)/(5/6))/(x/(-1400))?
14
Let i(k) = 6*k**2 - 17*k + 84. Let w be i(9). Suppose -22*t + w = 65. What is the remainder when 73 is divided by t?
9
Let n be (-873)/(-5) - 4/(-10). Let x = -132 + n. Calculate the remainder when x is divided by 2.
1
Let m = -501 + 506. Suppose m*j = 205 - 0. What is the remainder when j is divided by 19?
3
Let w = -317 + 324. Suppose 3*j + 5*y = 22 + 29, -y + 63 = 5*j. What is the remainder when j is divided by w?
5
Let t(n) = -n**2 + 16*n - 25. Let r be t(14). Suppose 5*p + r*v - 92 = 0, 3*v - 10 - 2 = 0. Calculate the remainder when 34 is divided by p.
2
Suppose 28*k + 532 = 32*k + y, -3*k + 5*y = -422. Let h(p) = p - 1. Let w be h(4). Let b = w + k. What is the remainder when b is divided by 20?
17
Calculate the remainder when 993 is divided by (740/60)/((-40)/42 + 1).
216
Let p = -36 - -40. Let a be -12*(p*(-12)/(-64) - 1). Suppose 12 - 2 = 5*c, 3*z + a*c = 72. What is the remainder when z is divided by 12?
10
Let p = 66 - 45. Let s be (24/p)/(-4) - (-414)/(-21). What is the remainder when 37 is divided by (0 + 25/2)*s/(-25)?
7
Suppose -13 = -4*t - 1. S